{"id":69,"date":"2021-09-07T05:45:01","date_gmt":"2021-09-07T05:45:01","guid":{"rendered":"https:\/\/srebrnegrono.pl\/landingpage\/?page_id=69"},"modified":"2021-09-07T06:01:55","modified_gmt":"2021-09-07T06:01:55","slug":"silver-solution","status":"publish","type":"page","link":"https:\/\/czystesrebro.srebrnegrono.pl\/index.php\/silver-solution\/","title":{"rendered":"SILVER SOLUTION"},"content":{"rendered":"\n<p><strong>SILVER SOLUTION \u2013 opis produktu<\/strong><\/p>\n\n\n\n<p>Do \u0142atwej renowacji uszkodzonych srebrnych powierzchni.<\/p>\n\n\n\n<p>Silver Solution jest specjalnym \u015brodkiem, zawieraj\u0105cym unikalne po\u0142\u0105czenie nietoksycznych, niekoroduj\u0105cych, niepalnych sk\u0142adnik\u00f3w i czystego srebra, kt\u00f3ry w zaskakuj\u0105cy spos\u00f3b pokrywa srebrem powierzchnie w trakcie ich czyszczenia. Wystarczy tylko wetrze\u0107 produkt i po\u0142yskuj\u0105ca powierzchnia jest w zasi\u0119gu wzroku.<\/p>\n\n\n\n<p>Silver Solution czy\u015bci, nadaje po\u0142ysk i uzupe\u0142nia ju\u017c istniej\u0105c\u0105 warstw\u0119 srebra. W\u0142a\u015bnie srebro, kt\u00f3re jest g\u0142\u00f3wnym sk\u0142adnikiem produktu, daje wspania\u0142y blask i zapobiega przedwczesnemu pojawieniu si\u0119 \u015bniedzi na powierzchni r\u00f3\u017cnych przedmiot\u00f3w.<\/p>\n\n\n\n<p>Silver Solution jest specjalnym \u015brodkiem do renowacji i nadawania po\u0142ysku starym, zniszczonym przedmiotom. Zawiera unikalna formu\u0142\u0119, dzi\u0119ki kt\u00f3rej powt\u00f3rnie pokrywa srebrne powierzchnie przedmiot\u00f3w w miejscach uszkodzonych przez u\u017cywanie ich i czyszczenie. Cz\u0119sto sami niszczymy nasze ukochane przedmioty, gdy si\u0119gamy po \u015brodki zawieraj\u0105ce cz\u0105stki \u015bcierne.<\/p>\n\n\n\n<p>Silver Solution mo\u017ce przywr\u00f3ci\u0107 poprzedni blask srebrnym powierzchniom przedmiot\u00f3w, kt\u00f3rych rodzimym metalem jest mied\u017a, br\u0105z, mosi\u0105dz dzi\u0119ki na\u0142o\u017ceniu nowej warstwy srebra podczas ich czyszczenia. Tak\u017ce miedziane i mosi\u0119\u017cne przedmioty mog\u0105 by\u0107 odnowione w pi\u0119kne srebrne skarby.<\/p>\n\n\n\n<p>Dzi\u0119ki Silver Solution mo\u017cna otrzyma\u0107 ,,\u015bwiec\u0105ca powierzchni\u0119\u201d, a stare, srebrne, rodzinne pami\u0105tki b\u0119d\u0105 jeszcze pi\u0119kniejsze ni\u017c dotychczas.<\/p>\n\n\n\n<p>Silver Solution jest bezpieczny. Mo\u017cna u\u017cywa\u0107 go w domu. Produkt jest wodnym roztworem srebra, jest nietoksyczny i niepalny. Jest prosty w u\u017cyciu.<\/p>\n\n\n\n<p>Silver Solution mo\u017ce by\u0107 przeznaczony do typowych przedmiot\u00f3w, takich jak sztu\u0107ce, elementy dekoracyjne, naczynia, zegary, trofea, pami\u0105tki rodzinne, itp.<\/p>\n\n\n\n<p>Sukces gwarantowany w 95 %.<\/p>\n\n\n\n<p><strong>U\u017cywaj Silver Solution a Twoje srebrne przedmioty b\u0119d\u0105 Ci\u0119 cieszy\u0107 na zawsze!<\/strong><\/p>\n\n\n\n<div class=\"wp-block-image\"><figure class=\"aligncenter size-full\"><img loading=\"lazy\" decoding=\"async\" width=\"473\" height=\"631\" src=\"https:\/\/srebrnegrono.pl\/landingpage\/wp-content\/uploads\/2021\/09\/15_silver_solution-1_3.jpg\" alt=\"\" class=\"wp-image-93\" srcset=\"https:\/\/czystesrebro.srebrnegrono.pl\/wp-content\/uploads\/2021\/09\/15_silver_solution-1_3.jpg 473w, https:\/\/czystesrebro.srebrnegrono.pl\/wp-content\/uploads\/2021\/09\/15_silver_solution-1_3-225x300.jpg 225w, https:\/\/czystesrebro.srebrnegrono.pl\/wp-content\/uploads\/2021\/09\/15_silver_solution-1_3-380x507.jpg 380w\" sizes=\"auto, (max-width: 473px) 100vw, 473px\" \/><\/figure><\/div>\n\n\n\n<p><\/p>\n\n\n\n<p class=\"has-text-align-center\"><strong>ZALECENIA<\/strong><\/p>\n\n\n\n<figure class=\"wp-block-table\"><table><tbody><tr><td><strong>Spos\u00f3b u\u017cycia<\/strong> Uwagi dla uzyskania najlepszego rezultatu: Je\u017celi przedmioty przeznaczone do na\u0142o\u017cenia Silver Solution s\u0105 brudne, nale\u017cy je oczy\u015bci\u0107 z kurzu, t\u0142uszczu i miejsc zmatowia\u0142ych przy u\u017cyciu Holland Hallmark Copper\/Brass Cleaner, a nast\u0119pnie umy\u0107 w wodzie z dodatkiem myd\u0142a, wyp\u0142uka\u0107 w ciep\u0142ej wodzie, wytrze\u0107 i wysuszy\u0107. Je\u017celi przedmioty przeznaczone do na\u0142o\u017cenia Silver Solution s\u0105 pokryte lakierem, nale\u017cy ca\u0142kowicie go usun\u0105\u0107 przy u\u017cyciu typowych rozpuszczalnik\u00f3w na bazie acetonu. Nale\u017cy to zrobi\u0107 bardzo starannie, bez u\u017cywania twardych przedmiot\u00f3w, takich jak: szczotki druciane, papier \u015bcierny. Je\u017celi jest to konieczne, to w ostateczno\u015bci mo\u017cna u\u017cy\u0107 bardzo mi\u0119kkiej szczotki drucianej. Przed usuwaniem lakieru zaleca si\u0119 przeprowadzi\u0107 pr\u00f3b\u0119 metody jego usuni\u0119cia.Nale\u017cy zabezpieczy\u0107 r\u0119ce, ubranie i miejsce pracy przez zabrudzeniem i zachlapaniem. Silver Solution jest bezpieczny i nietoksyczny, ale mo\u017ce pozostawia\u0107 br\u0105zowe plamy. Zleca si\u0119 u\u017cywanie r\u0119kawic i fartucha z tworzywa sztucznego, oraz przykrycie miejsca pracy obrusem r\u00f3wnie\u017c z tworzywa sztucznego. Zabrudzenia nale\u017cy czy\u015bci\u0107 domowymi wybielaczami, na przyk\u0142ad nas\u0105czon\u0105 szmatk\u0105. Palce mo\u017cna wymoczy\u0107 w k\u0105pieli przyrz\u0105dzonej z wybielaczy. Silver Solution nie wype\u0142ni podrapanych miejsc ani nie usunie korozji. Je\u017celi miejsce,&nbsp;&nbsp;&nbsp;&nbsp;&nbsp;&nbsp;&nbsp; w kt\u00f3rym widoczny jest ubytek srebra zostanie pokryte Silver Solution, nale\u017cy pami\u0119ta\u0107, \u017ce w pewnym stopniu ulegnie ono poprawie, ale r\u00f3\u017cnica b\u0119dzie nadal widoczna. Silver Solution mo\u017ce by\u0107 u\u017cywany do uszkodzonych przedmiot\u00f3w, kt\u00f3rych rodzimym materia\u0142em jest mied\u017a (kolor czerwony), mosi\u0105dz (kolor \u017c\u00f3\u0142ty), br\u0105z (kolor br\u0105zowawy), alpaka (kolor \u017c\u00f3\u0142to &#8211; szary) i oczywi\u015bcie srebro. Silver Solution nie pokryje szk\u0142a, porcelany, tworzywa sztucznego, drewna, aluminium, chromu, \u017celaza i pozosta\u0142ych metali nie zawieraj\u0105cych miedzi.<\/td><\/tr><\/tbody><\/table><\/figure>\n","protected":false},"excerpt":{"rendered":"<p>SILVER SOLUTION \u2013 opis produktu Do \u0142atwej renowacji uszkodzonych srebrnych powierzchni. Silver [&hellip;]<\/p>\n","protected":false},"author":1,"featured_media":0,"parent":0,"menu_order":0,"comment_status":"closed","ping_status":"closed","template":"","meta":{"footnotes":""},"class_list":["post-69","page","type-page","status-publish","hentry"],"_links":{"self":[{"href":"https:\/\/czystesrebro.srebrnegrono.pl\/index.php\/wp-json\/wp\/v2\/pages\/69","targetHints":{"allow":["GET"]}}],"collection":[{"href":"https:\/\/czystesrebro.srebrnegrono.pl\/index.php\/wp-json\/wp\/v2\/pages"}],"about":[{"href":"https:\/\/czystesrebro.srebrnegrono.pl\/index.php\/wp-json\/wp\/v2\/types\/page"}],"author":[{"embeddable":true,"href":"https:\/\/czystesrebro.srebrnegrono.pl\/index.php\/wp-json\/wp\/v2\/users\/1"}],"replies":[{"embeddable":true,"href":"https:\/\/czystesrebro.srebrnegrono.pl\/index.php\/wp-json\/wp\/v2\/comments?post=69"}],"version-history":[{"count":3,"href":"https:\/\/czystesrebro.srebrnegrono.pl\/index.php\/wp-json\/wp\/v2\/pages\/69\/revisions"}],"predecessor-version":[{"id":94,"href":"https:\/\/czystesrebro.srebrnegrono.pl\/index.php\/wp-json\/wp\/v2\/pages\/69\/revisions\/94"}],"wp:attachment":[{"href":"https:\/\/czystesrebro.srebrnegrono.pl\/index.php\/wp-json\/wp\/v2\/media?parent=69"}],"curies":[{"name":"wp","href":"https:\/\/api.w.org\/{rel}","templated":true}]}}