{"id":46,"date":"2021-09-07T05:17:30","date_gmt":"2021-09-07T05:17:30","guid":{"rendered":"https:\/\/srebrnegrono.pl\/landingpage\/?page_id=46"},"modified":"2021-09-07T05:20:03","modified_gmt":"2021-09-07T05:20:03","slug":"qa","status":"publish","type":"page","link":"https:\/\/czystesrebro.srebrnegrono.pl\/index.php\/qa\/","title":{"rendered":"Q&#038;A &#8211; Silver Solution"},"content":{"rendered":"\n<p><strong>Pytania i odpowiedzi<\/strong><\/p>\n\n\n\n<p><br><br><strong>Czy mo\u017cna u\u017cywa\u0107 Holland Hallmark Silver Solution do przedmiot\u00f3w, kt\u00f3re wcze\u015bniej by\u0142y srebrzone, ale teraz s\u0105 za\u015bniedzia\u0142e?<\/strong><br><br>Silver Solution mo\u017cna u\u017cywa\u0107 do powt\u00f3rnego pokrycia srebrem wszystkich przedmiot\u00f3w, kt\u00f3rych rodzimym materia\u0142em jest mied\u017a. Je\u017celi srebrzony przedmiot wykonany jest z czerwonej miedzi, \u017c\u00f3\u0142tego mosi\u0105dzu, br\u0105zowawego br\u0105zu lub szarego niemieckiego metalu (wszystkie te metale zawieraj\u0105 mied\u017a), to Silver Solution jest najlepszym \u015brodkiem do ich renowacji. Je\u017celi rodzimym materia\u0142em srebrzonego przedmiotu jest tworzywo sztuczne (szk\u0142o, drewno, aluminium, chrom, \u017celazo lub inny metal nie zawieraj\u0105cy miedzi), to Silver Solution wprawdzie wyczy\u015bci ten przedmiot, ale nie utworzy srebrnej pow\u0142oki.<br><br><strong>Z uwagi na to, \u017ce Silver Solution ma du\u017c\u0105 &#8222;przyczepno\u015b\u0107&#8221; do miedzi jako materia\u0142u rodzimego, czy mo\u017cna u\u017cywa\u0107 go do czyszczenia wyrob\u00f3w wykonanych z tego metalu?<\/strong><br><br>Je\u017celi u\u017cywa si\u0119 Silver Solution do czyszczenia przedmiot\u00f3w wykonanych z miedzi, to otrzymuje si\u0119 na nich cienk\u0105 pow\u0142ok\u0119 srebra. Chc\u0105c wyczy\u015bci\u0107 przedmiot wykonany z miedzi nale\u017cy u\u017cy\u0107 Holland Hallamrk Copper\/Brass Cleaner.<br><br><strong>Dlaczego zastawy \u015bniedziej\u0105 pomimo u\u017cywania Silver Solution?<\/strong><br><br>Dzi\u0119ki Silver Solution uzyskujemy now\u0105 pow\u0142ok\u0119 z czystego srebra za ka\u017cdym razem, kiedy go nak\u0142adamy. Jednocze\u015bnie &#8211; jak dobrze wiemy &#8211; srebro ca\u0142y czas \u015bniedzieje. U\u017cywaj\u0105c Silver Solution i Silver Maintenance Solution op\u00f3\u017aniamy ten proces, poniewa\u017c oba produkty zawieraj\u0105&nbsp; inhibitory, spowalniaj\u0105ce zmian\u0119 koloru i matowienie przedmiot\u00f3w.<br><br><strong>Jak d\u0142ugo od czasu zastosowania Holland Hallmark Silver Solution i Silver Maintenance Solution srebrna powierzchnia b\u0119dzie l\u015bni\u0105ca i czysta?<\/strong><br><br>Srebrna powierzchnia b\u0119dzie l\u015bni\u0105ca i czysta znacznie d\u0142u\u017cej ni\u017c przy u\u017cyciu tradycyjnych \u015brodk\u00f3w czyszcz\u0105cych, poniewa\u017c Silver Solution i Silver Maintenance Solution zawieraj\u0105 inhibitory powstrzymuj\u0105ce pojawienie si\u0119 nalotu. Nale\u017cy zauwa\u017cy\u0107, \u017ce tempo matowienia&nbsp; i \u015bniedzenia przedmiot\u00f3w zale\u017cy od wielu r\u00f3\u017cnych czynnik\u00f3w, takich jak:<\/p>\n\n\n\n<ul class=\"wp-block-list\"><li>miejsce zamieszkania,<\/li><li>obecno\u015b\u0107 kominka w domu,<\/li><li>palenie papieros\u00f3w przez domownik\u00f3w,<\/li><li>czysto\u015b\u0107 w miejscu przechowywania posrebrzonych przedmiot\u00f3w,<\/li><li>spos\u00f3b ich przechowywania,<\/li><li>odleg\u0142o\u015b\u0107 posrebrzonych przedmiot\u00f3w od grzejnika.<\/li><\/ul>\n\n\n\n<p>Jak wynika z powy\u017cszych przyk\u0142ad\u00f3w, ruch powietrza spowodowany grzejnikami, wentylatorami czy otwartym ogniem przy\u015bpiesza proces matowienia i \u015bniedzenia. Jednak Holland Hallmark Silver Solution i&nbsp; Silver Maintenance Solution w por\u00f3wnaniu z tradycyjnymi \u015brodkami czyszcz\u0105cymi i poleruj\u0105cymi, op\u00f3\u017aniaj\u0105 pojawienie si\u0119 nalotu i \u015bniedzi oraz potrzeb\u0119 cz\u0119stego czyszczenia przedmiot\u00f3w..<br><br><br><strong>Kupi\u0142em bardzo \u0142adny, srebrny koszyk do chleba. Po pierwszym czyszczeniu zauwa\u017cy\u0142em du\u017co ciemnych, a tak\u017ce delikatnych br\u0105zowanych plamek, kt\u00f3re nie znikaj\u0105 po pr\u00f3bie ich usuni\u0119cia. Czy Holland Hallmark Silver Solution jest w stanie mi pom\u00f3c?<\/strong><br><br>Je\u017celi kupi\u0142e\u015b nowy srebrzony koszyk do chleba w sklepie, nale\u017cy przyj\u0105\u0107, ze zosta\u0142 on pokryty srebrem, kt\u00f3re w bran\u017cy okre\u015blane jest jako &#8222;flash plating&#8221;. Jest to cienka warstwa czystego srebra na\u0142o\u017cona ogniowo, ale nie wida\u0107 tego, a\u017c do pierwszego czyszczenia. Nawet srebrne przedmioty nie zawieraj\u0105 w 100 % czystego srebra, ale s\u0105 zmieszane z miedzi\u0105. Moleku\u0142y miedzi na powierzchni przedmiotu maj\u0105 br\u0105zowy odcie\u0144, ale &#8222;flash plating&#8221; ukrywa te punkty z uwagi na ich ma\u0142\u0105 skal\u0119. Po czyszczeniu z u\u017cyciem tradycyjnych \u015brodk\u00f3w zawieraj\u0105cych cz\u0105stki \u015bcieraj\u0105ce, &#8222;flash plating&#8221; jest bezpowrotnie usuwany. Holland Hallmark pomo\u017ce Ci pozby\u0107 si\u0119 problemu. Kiedy wyczy\u015bcimy koszyk przy pomocy Silver Solution, czyste srebro pozostanie na moleku\u0142ach miedzi i w ten spos\u00f3b zregeneruje lustrzan\u0105 powierzchni\u0119 przedmiotu, a Silver Maintenance Solution j\u0105 zakonserwuje.<br><br><strong>Mam w domu srebrne przedmioty, na kt\u00f3rych pojawiaj\u0105 si\u0119 czerwone i \u017c\u00f3\u0142tawe plamki, kt\u00f3re nie znikaj\u0105 nawet podczas czyszczenia. Czy produkty Holland Hallmark s\u0105 w stanie mi pom\u00f3c?<\/strong><br><br>Tak, nasz produkt mo\u017ce pom\u00f3c. Problem polega na tym, \u017ce warstwa srebra wyst\u0119puj\u0105ca na przedmiotach jest \u015bcierana podczas ich czyszczenia i normalnego u\u017cywania, co powoduje, \u017ce metal, z kt\u00f3rego s\u0105 wykonane, staje si\u0119 widoczny. U\u017cycie Holland Hallmark Silver Solution zgodnie z instrukcj\u0105 zamieszczon\u0105 na ulotce do\u0142\u0105czonej do ka\u017cdego opakowania, pozwoli na renowacj\u0119 przedmiot\u00f3w i przywr\u00f3cenie im pi\u0119knego wygl\u0105du.<br><br><strong>Co si\u0119 zdarzy, je\u017celi u\u017cyjemy zwyk\u0142ego \u015brodka czyszcz\u0105cego do przedmiot\u00f3w, kt\u00f3re zosta\u0142y poddane renowacji przy u\u017cyciu Holland Hallmark Silver Solution?<\/strong><br><br>Tradycyjne \u015brodki czyszcz\u0105ce zawieraj\u0105 cz\u0105stki, kt\u00f3re powoduj\u0105 \u015bcieranie srebra na przedmiotach nim pokrytych. Aby tego unikn\u0105\u0107, nale\u017cy u\u017cywa\u0107 Holland Hallmark Silver Maintenance Solution. Konserwuje on now\u0105, srebrn\u0105 powierzchni\u0119, kt\u00f3ra powsta\u0142a na przedmiocie po zastosowaniu Silver Solution.<br><br><strong>Dlaczego powierzchnia czyszczonych przedmiot\u00f3w staje si\u0119 ciemna, kiedy nak\u0142adamy Holland Hallmark Silver Solution?<\/strong><br><br>Efekt ciemnienia to rezultat procesu pokrywania moleku\u0142 w miejscu ich wyst\u0119powania, co oznacza, \u017ce srebro wchodzi w reakcj\u0119 z przedmiotem. Ciemnienie nie jest problemem, gdy\u017c w trakcie nak\u0142adania i wcierania produktu Silver Solution przez kilka sekund uzyskuje si\u0119 pi\u0119kn\u0105 srebrn\u0105 powierzchni\u0119.<br><br><strong>Dlaczego przedmioty wymagaj\u0105 czyszczenia przed zastosowaniem Holland Hallmark Silver Solution?<\/strong><br><br>Zasadniczo nie jest konieczne czyszczenie przedmiotu przed zastosowaniem Silver&nbsp; Solution, poniewa\u017c zawiera on sk\u0142adnik czyszcz\u0105cy, kt\u00f3ry b\u0119dzie aktywowany natychmiast po na\u0142o\u017ceniu produktu. Z tego powodu Silver Solution wyczy\u015bci ka\u017cde, nawet najstarsze zmatowienia i zabrudzenia, a nast\u0119pnie na\u0142o\u017cy warstw\u0119 srebra na czysty metal rodzimy. Je\u017celi przedmiot jest wyj\u0105tkowo zat\u0142uszczony lub brudny, przed na\u0142o\u017ceniem Silver Solution zaleca si\u0119 usun\u0105\u0107 z jego powierzchni wszystkie zanieczyszczenia. Do tego celu u\u017cywamy Holland Hallmark Copper\/Brass Cleaner i nast\u0119pnie przedmioty myjemy w ciep\u0142ej wodzie z dodatkiem myd\u0142a, p\u0142uczemy i suszymy. Na koniec stosujemy Silver Solution. Nie u\u017cywamy innych \u015brodk\u00f3w chemicznych.<\/p>\n\n\n\n<p><br><strong>M\u00f3j posrebrzany przedmiot jest porysowany i uszkodzony. Czy Holland Hallmark Silver Solution mo\u017ce mi pom\u00f3c?<\/strong><br><br>Hollad Hallmark Silver Solution tworzy cienk\u0105 warstw\u0119 nowego srebra na czyszczonym przedmiocie. Za ka\u017cdym razem uzupe\u0142nia tak\u017ce srebro w uszkodzonych miejscach. Nie jest on jednak wype\u0142niaczem. Je\u017celi w porysowanych miejscach nie ma warstwy srebra i widoczny jest metal rodzimy (czerwony lub \u017c\u00f3\u0142ty), to Silver Solution zakryje go, ale zag\u0142\u0119bienia b\u0119d\u0105 nadal, chocia\u017c w mniejszym stopniu, widoczne.<br><br><strong>M\u00f3j srebrzony przedmiot nie by\u0142 u\u017cywany przez lata i jest ca\u0142kowicie czarny. Co mog\u0119 zrobi\u0107?<\/strong><br><br>Przede wszystkim przedmiot nale\u017cy wyczy\u015bci\u0107 przy pomocy Holland Hallmark Copper\/Brass Cleaner. Nast\u0119pnie umy\u0107 w ciep\u0142ej wodzie z dodatkiem myd\u0142a, wyp\u0142uka\u0107, wysuszy\u0107 i u\u017cy\u0107 Holland Halmark Silver Solution. Gdy zastosujesz Silver Solution dwa lub trzy razy, zauwa\u017cysz, \u017ce nawet najbardziej zabrudzony przedmiot l\u015bni. W przysz\u0142o\u015bci, do jego konserwacji zalecamy Holland Hallmark Silver Maintenance Solution, kt\u00f3ry pozwala na utrzymanie pi\u0119knej, srebrnej powierzchni przedmiotu.<br><br><strong>Czy mo\u017cna u\u017cywa\u0107 Holland Hallmark Silver Solution do czyszczenia sztu\u0107c\u00f3w i naczy\u0144?<\/strong><br><br>Produkty Holland Hallmark s\u0105 nietoksyczne, dlatego mog\u0105 by\u0107 u\u017cywane do czyszczenia wszystkich kuchennych przedmiot\u00f3w, takich jak: sztu\u0107ce, talerze, salaterki, tace, cukiernice, dzbanuszki do mleka. Nale\u017cy pami\u0119ta\u0107, \u017ce po zastosowaniu Holland Halmark Silver Solution, czyszczone przedmioty trzeba umy\u0107, wyp\u0142uka\u0107 i wysuszy\u0107.<\/p>\n\n\n\n<p><br><strong>Czy przedmioty poddane dzia\u0142aniu Holland Hallmark Silver Solution mo\u017cna my\u0107 w zmywarce do naczy\u0144?<\/strong><br><br>Tak. Nowe srebro nie jest wyp\u0142ukiwanie i zmywalne. Jednak\u017ce praktyka w obchodzeniu si\u0119 ze srebrnymi i srebrzonymi przedmiotami m\u00f3wi, \u017ce u\u017cywanie zmywarki do mycia tych przedmiot\u00f3w mo\u017ce by\u0107 przyczyn\u0105 plamienia srebrem. Prawdopodobnie jest to&nbsp; wynik dzia\u0142ania zar\u00f3wno detergent\u00f3w u\u017cywanych w zmywarce, jak i innych metalowych przedmiot\u00f3w stykaj\u0105cych si\u0119 ze srebrem. Srebrna warstwa nak\u0142adana na przedmioty przy u\u017cyciu Silver Solution nie znika w wyniku mycia w zmywarce, jednak zaleca si\u0119 mycie r\u0119czne, jako najlepszy spos\u00f3b jej konserwacji.<br><br><strong>Czy Holland Hallmark Silver Solution jest bezpieczny w u\u017cyciu?<\/strong><br><br>Produkty Holland Hallmark s\u0105 bezpieczne. Mo\u017cna u\u017cywa\u0107 je w domu. S\u0105 wodorozcie\u0144czalne, nie zawieraj\u0105 amoniaku, fosfor\u00f3w, cyjank\u00f3w, rozpuszczalnik\u00f3w i innych palnych sk\u0142adnik\u00f3w. S\u0105 bezzapachowe i niedra\u017cni\u0105ce.<br>Tym niemniej stosowanie produkt\u00f3w Holland Hallmark wymaga zabezpieczenia r\u0105k, ubrania i miejsca pracy przed plamieniem. Przyk\u0142adowo, Silver Solution zawiera czyste srebro i z tego powodu plami r\u0119ce. Dlatego podczas jego u\u017cywania zaleca si\u0119 na\u0142o\u017cenie zwyk\u0142ych kuchennych r\u0119kawic, zabezpieczenie ubrania i miejsca pracy obrusem z tworzywa sztucznego. Pozwoli to na unikniecie poplamienia i zabrudzenia produktem.<\/p>\n\n\n\n<p><br><strong>Jak przeprowadza\u0107 renowacj\u0119 wyrob\u00f3w z bardzo du\u017c\u0105 liczb\u0105 ornament\u00f3w?<\/strong><br><br>Silver Solution najlepiej nak\u0142ada\u0107 za pomoc\u0105 kawa\u0142ka bawe\u0142nianej szmatki zwini\u0119tej w kulk\u0119 lub czystej, mi\u0119kkiej g\u0105bki. Je\u017celi to nie da satysfakcjonuj\u0105cego rezultatu, zaleca si\u0119 u\u017cycie mi\u0119kkiej, wykonanej z naturalnego w\u0142osia szczotki. Najpierw nale\u017cy oczy\u015bci\u0107 ornamenty u\u017cywaj\u0105c do tego celu szczotki, a nast\u0119pnie na\u0142o\u017cy\u0107 Holland Hallmark Silver Solution wed\u0142ug instrukcji do\u0142\u0105czonej do&nbsp; opakowania. Po zastosowaniu tego produktu, przedmiot nale\u017cy umy\u0107 w ciep\u0142ej wodzie z dodatkiem myd\u0142a, wyp\u0142uka\u0107 i osuszy\u0107.<br><br><strong>Dlaczego na\u0142o\u017cona podczas czyszczenia powierzchnia srebra blaknie?<\/strong><br><br>Srebrna powierzchnia powstaje w wyniku na\u0142o\u017cenia czystego srebra, a ono nie blaknie. Jednak wszystkie srebrzone przedmioty mog\u0105 by\u0107 uszkadzane, je\u017celi do ich regularnej konserwacji u\u017cywamy tradycyjnych \u015brodk\u00f3w czyszcz\u0105cych zawieraj\u0105cych cz\u0105stki \u015bcierne. Oto przyczyna naszego problemu. Je\u017celi u\u017cyjemy Holland Hallmark Silver Solution dwa lub trzy razy,&nbsp; otrzymamy powierzchni\u0119 nowego srebra, kt\u00f3r\u0105 konserwujemy przy pomocy Holland Hallmark Silver Maintenance Solution. W przysz\u0142o\u015bci sporadyczne zastosowanie Silver Maintenance Solution, usunie \u015bnied\u017a pojawiaj\u0105c\u0105 si\u0119 w naturalny spos\u00f3b na srebrnych przedmiotach.<br><br><strong>Jaka jest trwa\u0142o\u015b\u0107 srebrnej powierzchni po zastosowaniu Holand Hallmark Silver Solution?<\/strong><br><br>Warstwa srebra, kt\u00f3ra zosta\u0142a na\u0142o\u017cona podczas zastosowania Silver Solution, jest sta\u0142a, nie mo\u017cna jej zmy\u0107, zdrapa\u0107, zamalowa\u0107 lub nawet spali\u0107. Jest to warstwa prawdziwego srebra, kt\u00f3rego granic\u0105 jest rodzimy metal. Aczkolwiek w trakcie jej regularnej konserwacji mo\u017ce by\u0107 ona uszkodzona przez czyszczenie \u015brodkami zawieraj\u0105cymi cz\u0105stki \u015bcierne. Oto przyczyna naszego problemu. Je\u017celi u\u017cyjemy Holland Hallmark Silver Solution dwa lub trzy razy,&nbsp; otrzymamy powierzchni\u0119 nowego srebra, kt\u00f3r\u0105 konserwujemy przy pomocy Holland Hallmark Silver Maintenance Solution. W przysz\u0142o\u015bci sporadyczne zastosowanie Silver Maintenance Solution, usunie \u015bnied\u017a pojawiaj\u0105c\u0105 si\u0119 w naturalny spos\u00f3b na srebrnych przedmiotach.<br><br><strong>Jak du\u017co przedmiot\u00f3w mo\u017ce by\u0107 pokrytych 50 ml Silver Solution?<\/strong><br><br>50 ml Silver Solution mo\u017ce pokry\u0107 oko\u0142o p\u00f3\u0142 metra kwadratowego metalu, w zale\u017cno\u015bci od stanu przedmiot przed jego renowacj\u0105. Je\u017celi jest on czysty, to zu\u017cyjemy znacznie mniej produktu Silver Solution ni\u017c w przypadku, gdy przedmiot jest bardzo zniszczony i brudny.<br><br><strong>W jaki spos\u00f3b rozpocz\u0105\u0107 renowacj\u0119 bardzo uszkodzonej posrebrzanej tacy?<\/strong><br><br>Przed renowacj\u0105 przedmiotu, nale\u017cy sprawdzi\u0107, z jakiego metalu rodzimego jest on wykonany. Czy jest to czerwona mied\u017a, \u017c\u00f3\u0142ty mosi\u0105dz, br\u0105zowawy br\u0105z, czy szarawa alpaka. Nast\u0119pnie nale\u017cy przedmiot oczy\u015bci\u0107 z wszelkiego brudu i t\u0142uszczu, umy\u0107 w ciep\u0142ej wodzie z dodatkiem myd\u0142a, wyp\u0142uka\u0107 i wysuszy\u0107.Teraz mo\u017cna na\u0142o\u017cy\u0107 Silver Solution wed\u0142ug instrukcji do\u0142\u0105czonej do opakowania. Jednorazowo na ma\u0142\u0105 powierzchni\u0119 nak\u0142ada\u0107 oko\u0142o 10 cm^(2) produktu.<br><br><strong>Jak pozna\u0107, \u017ce srebrna zastawa potrzebuje czyszczenia przy pomocy Holland Hallmark Silver Solution?<\/strong><br><br>Je\u017celi na przedmiocie wida\u0107 mied\u017a lub mosi\u0105dz, wtedy nale\u017cy zastosowa\u0107 Holland Hallmark Silver Solution i na\u0142o\u017cy\u0107 srebro na uszkodzon\u0105 powierzchni\u0119. Sukces renowacji mo\u017cna osi\u0105gn\u0105\u0107 w 95 % przypadk\u00f3w. W przypadku du\u017cego nalotu lub \u015bniedzi, przedmiot nale\u017cy podda\u0107 specjalnemu czyszczeniu lub konserwacji. Je\u017celi srebrny przedmiot jest ciemny i uszkodzony na skutek&nbsp; u\u017cywania, w\u00f3wczas nale\u017cy go oczy\u015bci\u0107, u\u017cywaj\u0105c do tego celu Silver Solution.<br><br><strong>U\u017cywam Silver Solution i pozwoli\u0142em, aby wysech\u0142 na przedmiocie. Co mam teraz zrobi\u0107?<\/strong><br><br>Nie ma z tym problemu. Silver Solution jest p\u0142ynem, kt\u00f3ry wysychaj\u0105c zamienia si\u0119 w proszek. Dlatego te\u017c najlepszym sposobem jego usuni\u0119cia jest u\u017cycie suchej szmatki lub szczotki (zw\u0142aszcza je\u017celi przedmiot ma ornamenty). Nast\u0119pnie przedmiot nale\u017cy umy\u0107 w czystej wodzie&nbsp;&nbsp;&nbsp;&nbsp; z dodatkiem myd\u0142a, wyp\u0142uka\u0107 i wysuszy\u0107. Mo\u017cna powt\u00f3rzy\u0107 te czynno\u015bci, je\u017celi istnieje taka potrzeba. Na koniec, by uzyska\u0107 po\u017c\u0105dany efekt, na\u0142o\u017cy\u0107 Silver Solution (oko\u0142o 10cm^(2)).<\/p>\n\n\n\n<figure class=\"wp-block-table\"><table><tbody><tr><td>&nbsp;<\/td><td><strong>Jak cz\u0119sto powinno si\u0119 u\u017cywa\u0107 Holland Hallmark Silver Solution, aby otrzyma\u0107 jak najlepszy rezultat?<\/strong><br><br>Kiedy nak\u0142adamy Silver Solution, przedmiot zazwyczaj staje si\u0119 czarny. Jest to znak, \u017ce moleku\u0142y srebra przenoszone s\u0105 na przedmiot, kt\u00f3ry srebrzymy. Po trzech na\u0142o\u017ceniach czernienie staje si\u0119 coraz s\u0142absze, a\u017c nast\u0119puje ca\u0142kowite przeniesienie srebra. Oznacza to, \u017ce przedmiot jest nasycony. Teraz do jego konserwacji mo\u017cemy u\u017cy\u0107 Silver Maintenance Solution.&nbsp; Podsumowuj\u0105c, jak d\u0142ugo nast\u0119puje czernienie, tak d\u0142ugo mo\u017cemy nak\u0142ada\u0107 produkt na czyszczony przedmiot. U\u017cywanie Silver Solution nigdy nie prowadzi do uszkodzenia przedmiotu! Mo\u017cna go u\u017cywa\u0107 tak cz\u0119sto, jak si\u0119 chce.<br><br><strong>Antyczny, pokryty \u015bniedzi\u0105 srebrzony \u015bwiecznik zosta\u0142 poddany renowacji poprzez elektrolityczne na\u0142o\u017cenie srebra. Teraz wygl\u0105da jak nowy. Jaki efekt uzyska\u0142abym po zastosowaniu Holland Hallmark Silver Solution?<\/strong><br><br>Podczas powt\u00f3rnego nak\u0142adania warstwy srebra metod\u0105 elektrolizy, przedmiot jest srebrzony w pasy &#8211; najpierw w pasie starej warstwy srebra, a nast\u0119pnie w pasie patyny powsta\u0142ej w wyniku oddzia\u0142ywania czasu. Nast\u0119pnie przedmiot jest polerowany i srebrzony dla uzyskania maksymalnego blasku. Pocz\u0105tkowo nak\u0142adana jest warstwa niklu. Jest to spos\u00f3b przygotowania materia\u0142u rodzimego, kt\u00f3ry nast\u0119pnie jest srebrzony cienk\u0105 warstw\u0105 srebra potrzebn\u0105 do otrzymania wymaganego efektu. Wi\u0119kszo\u015b\u0107 antycznych wyrob\u00f3w nigdy nie mia\u0142a warstwy niklu pod srebrem. To wyja\u015bnia r\u00f3\u017cnice w wygl\u0105dzie przedmiot\u00f3w, kt\u00f3re s\u0105 powt\u00f3rnie srebrzone. Je\u017celi patyna powsta\u0142a przez lata nie zostanie usuni\u0119ta z przedmiotu (je\u017celi zostanie usuni\u0119ta, to jest to prawid\u0142owe dzia\u0142anie), to srebrzony przedmiot wgl\u0105da jak nowy i dla kogo\u015b, kto ceni sobie antyczne przedmioty, jest to nie do przyj\u0119cia. Taka osoba zazwyczaj chce uzyska\u0107 charakter starej, antycznej rzeczy.<br>Przy u\u017cyciu Holland Hallmark Silver Solution mo\u017cna utrzyma\u0107 patyn\u0119, a wi\u0119c i charakter starego przedmiotu. Stara warstwa srebra nie tworzy pas\u00f3w, a metal rodzimy nie jest polerowany. Nowa warstwa srebra mo\u017ce by\u0107 nak\u0142adana na uszkodzone miejsca, kt\u00f3re nie b\u0119d\u0105 absolutnie g\u0142adkie. Dlatego warstwa srebra, kt\u00f3ra jest nak\u0142adana, b\u0119dzie adaptowa\u0107 je do wygl\u0105du ca\u0142ego przedmiotu, kt\u00f3ry zachowa sw\u00f3j antyczny wygl\u0105d. Zatem Holland Hallmark Silver Solution zapewni&nbsp; antyczny wygl\u0105d uszkodzonego przedmiotu.<br><br><strong>Czy Holland Hallmark Silver Solution uszkadza srebro?<\/strong><br><br>Wszystkie produkty Holland Hallmark s\u0105 delikatnymi \u015brodkami czyszcz\u0105cymi przeznaczonymi do odnawiania przedmiot\u00f3w przez dodanie czystego srebra, zabezpieczaj\u0105cego ich pi\u0119kny wygl\u0105d. Zwyk\u0142e \u015brodki czyszcz\u0105ce&nbsp; usuwaj\u0105 srebro, zw\u0142aszcza podczas czyszczenia. Produkty Holland Hallmark s\u0105 bezpieczne i korzystnie wp\u0142ywaj\u0105 na wygl\u0105d przedmiot\u00f3w.<\/td><td>&nbsp;<\/td><\/tr><\/tbody><\/table><\/figure>\n","protected":false},"excerpt":{"rendered":"<p>Pytania i odpowiedzi Czy mo\u017cna u\u017cywa\u0107 Holland Hallmark Silver Solution do przedmiot\u00f3w, [&hellip;]<\/p>\n","protected":false},"author":1,"featured_media":0,"parent":0,"menu_order":0,"comment_status":"closed","ping_status":"closed","template":"","meta":{"footnotes":""},"class_list":["post-46","page","type-page","status-publish","hentry"],"_links":{"self":[{"href":"https:\/\/czystesrebro.srebrnegrono.pl\/index.php\/wp-json\/wp\/v2\/pages\/46","targetHints":{"allow":["GET"]}}],"collection":[{"href":"https:\/\/czystesrebro.srebrnegrono.pl\/index.php\/wp-json\/wp\/v2\/pages"}],"about":[{"href":"https:\/\/czystesrebro.srebrnegrono.pl\/index.php\/wp-json\/wp\/v2\/types\/page"}],"author":[{"embeddable":true,"href":"https:\/\/czystesrebro.srebrnegrono.pl\/index.php\/wp-json\/wp\/v2\/users\/1"}],"replies":[{"embeddable":true,"href":"https:\/\/czystesrebro.srebrnegrono.pl\/index.php\/wp-json\/wp\/v2\/comments?post=46"}],"version-history":[{"count":2,"href":"https:\/\/czystesrebro.srebrnegrono.pl\/index.php\/wp-json\/wp\/v2\/pages\/46\/revisions"}],"predecessor-version":[{"id":53,"href":"https:\/\/czystesrebro.srebrnegrono.pl\/index.php\/wp-json\/wp\/v2\/pages\/46\/revisions\/53"}],"wp:attachment":[{"href":"https:\/\/czystesrebro.srebrnegrono.pl\/index.php\/wp-json\/wp\/v2\/media?parent=46"}],"curies":[{"name":"wp","href":"https:\/\/api.w.org\/{rel}","templated":true}]}}